- 50. Let k be 1 + 1 - (a - -1). Let j be (10/(-15))/(2/k). What is the greatest common divisor of 187 and j?
17
Suppose -13*d + 8*d - 4*v + 88 = 0, 4*d - 66 = -v. Calculate the greatest common factor of d and 2032.
16
Let i be -5 + 2 + -2 + 87. Let u = i - 10. Calculate the highest common factor of u and 48.
24
Suppose 0 = 2*d - 1 - 79. Suppose 5*i = 209 - 89. Suppose 216 = 4*p - i. Calculate the greatest common factor of d and p.
20
Suppose -3*x + 2*s = -0*s - 18, 5*x + 5*s = 5. Suppose -8*f = -x*f - 572. What is the highest common divisor of 13 and f?
13
Let t = 1 + 115. Suppose -y - 3 - 35 = -a, 2*y + 4*a + 70 = 0. Let w = t - y. What is the greatest common factor of 17 and w?
17
Let k be -3 - (-2 + -4 + 5). Let o(y) be the second derivative of -14*y**3/3 + 2*y**2 - 8*y. Let v be o(k). Calculate the highest common factor of v and 20.
20
Suppose f - 5*s = 155, -3*f - 4*s = -0*f - 408. Suppose 0*a = 4*z - 4*a + f, -5*a - 65 = z. Let n = -28 - z. Calculate the greatest common divisor of n and 96.
12
Suppose 6*m - 144 = -60. Calculate the greatest common factor of m and 2422.
14
Suppose 8 = 4*x + 3*c - 13, 2*c - 9 = -x. What is the highest common factor of 27 and x?
3
Suppose 4*f + 3384 = 13*f. What is the greatest common factor of f and 94?
94
Let n = 18 - 9. Suppose -3*q = 5*m - 66 - 1, 2*m - 2 = 5*q. Suppose 0*r + r + 3*i = 13, -r + 3*i = m. What is the greatest common factor of n and r?
1
Let l = -476 + 519. Calculate the greatest common factor of 817 and l.
43
Let w be (-3 + 6)*15/9. Suppose g - w*n = 235, 4*n = -0*g - 2*g + 400. What is the greatest common factor of 14 and g?
14
Let c be 155/10 + (-1)/2. Let x = 2 - -2. Suppose 0*o + 4*q - c = o, -5*o + 21 = x*q. Calculate the greatest common divisor of o and 8.
1
Suppose 7*z = -5*z + 528. Let j = 67 - z. What is the greatest common divisor of j and 69?
23
Let c(u) = 2*u**3 - 3*u**2 + 3*u - 5. Let n be c(2). Let r = 150 + -64. Let f = -46 + r. Calculate the greatest common divisor of n and f.
5
Suppose 78*j - 28 = 77*j. Let y(b) = b**2 + 2*b - 1. Let w be y(-5). Calculate the highest common factor of w and j.
14
Let s be (100/250)/((-1)/(-30)). What is the highest common factor of 24 and s?
12
Suppose -4*j = 5*n - 184, -3*n + 2*n = -3*j + 157. What is the greatest common factor of 85 and j?
17
Let s be 13*(-1 - (5 - 10)). Suppose 4*q = -2*z + 56, -4*z - s = -4*q - 8*z. Calculate the greatest common factor of q and 10.
5
Let o = -1253 - -1913. Suppose -3*s = -2*s + q - 131, -5*s - 4*q = -o. Let a = s + -71. What is the highest common divisor of 26 and a?
13
Suppose -3*b + 26 = -8*v + 12*v, -2*b - 3*v + 18 = 0. Let j be 2/(-8) + (-366)/(-24). What is the greatest common factor of b and j?
3
Suppose -5*k = -3*k - 408. Suppose 11 = 5*s + 1. Suppose -k = -2*r - s*r. Calculate the greatest common divisor of r and 17.
17
Let n be 0 + (1 - 0) - (-7)/7. Suppose 3*d = -3*f + n*f + 119, f - 125 = -d. Calculate the highest common factor of f and 16.
16
Let z(l) = 2*l**2 - 7*l + 5. Let q be z(5). Let m = 13391 + -13366. Calculate the greatest common divisor of q and m.
5
Let i(x) = 3*x - x**2 + 2*x + 2*x**2 + 8. Let v be i(-6). Calculate the highest common factor of v and 42.
14
Let f be (-1)/4 - (-135)/12. What is the greatest common divisor of f and 891?
11
Let s(y) = -y**3 + 9*y**2 + 3. Let a be s(9). Suppose -6 = -a*g + 12. Let c = g + 6. What is the greatest common divisor of 12 and c?
12
Let c be (36/18)/((-2)/4). Let k be (-2 - c) + 1 - -1. Calculate the highest common factor of k and 3.
1
Suppose -3*g + 73 = o, -o + 19 = -g + 42. Suppose 3*c + c = 40. Let f = g - c. Calculate the greatest common factor of f and 21.
7
Suppose 0 = 3*m - 3*y + y - 2791, -2*y + 2783 = 3*m. Suppose 0*n - m = -5*n + i, 0 = 5*n + 5*i - 905. Calculate the greatest common divisor of 37 and n.
37
Suppose 0 = -42*g + 800 - 128. What is the highest common divisor of g and 232?
8
Suppose -5 = 11*h - 27. Let c = -18 + 35. Suppose -h*o = -c - 31. Calculate the greatest common divisor of o and 36.
12
Suppose 6*l = 9*l. Suppose l = -2*w + 11 + 3. Calculate the greatest common factor of w and 56.
7
Let m = 7 - 5. Let y(i) = -2*i + 20. Let a be y(9). What is the greatest common divisor of m and a?
2
Let r(j) = j**2 - 75*j + 486. Let s be r(6). Let t be 6/(-24) + (-33)/(-4). What is the highest common divisor of s and t?
8
Let c = 28 + -28. Suppose c*k - k = -64. What is the greatest common divisor of 32 and k?
32
Suppose 9*s + 667 = 2683. What is the highest common divisor of 7 and s?
7
Let b(l) = 10*l**2 + 6*l + 4. Let v be b(-5). Let x = 296 - 264. Calculate the greatest common divisor of v and x.
32
Let i(h) = -11*h + 6. Let m be i(18). Let a be (22/4)/((-16)/m). What is the greatest common divisor of 22 and a?
22
Let b(c) = -86*c + 2. Let i be b(-5). Suppose 7*m + 5*m - i = 0. Calculate the greatest common factor of 324 and m.
36
Let m = 6 - 8. Let g = 10 - m. Calculate the greatest common divisor of 4 and g.
4
Suppose 4*b - b + 3*q - 96 = 0, -5*q - 14 = -b. Suppose b*p = 34*p - 40. Calculate the highest common divisor of 6 and p.
2
Let w = 7 - -19. Let d = -30 + w. Let x be 79 - (-5)/(5/d). What is the highest common divisor of 15 and x?
15
Let d(p) = -2*p**3 - 2*p**2 - 4*p + 5. Let q be d(-5). Suppose 4*o + g = 94, 28*o - 23*o - 4*g - 149 = 0. Calculate the highest common divisor of o and q.
25
Let v(l) = -l**3 + 22*l**2 - 18*l - 58. Let h be v(21). What is the greatest common divisor of h and 125?
5
Suppose 3*z + f = 28, -35 = 77*z - 80*z - 2*f. Let t(v) = -v**2 - 7*v - 4. Let g be t(-7). Let c = g + 18. What is the highest common factor of c and z?
7
Let l(b) = -2*b**3 + 67*b**2 + 34*b + 26. Let n be l(34). Let z = 6 - 4. What is the greatest common divisor of z and n?
2
Suppose 0*w + 130 = 5*w. Calculate the greatest common factor of 2 and w.
2
Let x = 1026 + -658. Calculate the greatest common divisor of x and 46.
46
Let l be (-51)/21 - -3 - (-648)/42. What is the highest common factor of l and 96?
16
Let f(n) = n + 36. Let x be f(-16). Let p(h) = -2*h**2 + 42*h + 14. Let s be p(x). What is the highest common factor of s and 18?
18
Let n(t) = -t**2 + 28*t - 62. Let b be n(16). What is the highest common factor of b and 325?
65
Let g be 3/(12/1024) + 3. Calculate the greatest common divisor of g and 333.
37
Suppose i - 94 = -2*i - 4*p, 16 = 4*p. Suppose -34*x - 273 = -37*x. Calculate the greatest common factor of x and i.
13
Let v(b) = -5*b + 10. Let d be v(5). Let f = 87 + d. Let h = 51 - 3. Calculate the highest common divisor of h and f.
24
Let t be 4 - ((-9 - -4) + 1). Suppose -t*i + 560 = -376. Calculate the greatest common divisor of i and 13.
13
Suppose -12*i = -982 - 74. What is the greatest common factor of i and 11?
11
Let b(t) = 2*t**2 + t. Let r be b(3). What is the highest common factor of 21 and r?
21
Let q(k) = 15*k - 14. Let o be q(4). Let u = o + 16. What is the highest common divisor of u and 31?
31
Let j(d) = d**3 - 8*d**2 - 4*d - 6. Let a be j(8). Let f = a - -39. Let x be (-8)/6*(-21)/14. Calculate the greatest common factor of x and f.
1
Let w = 134 - -46. Suppose 4*b - w = b. What is the greatest common factor of b and 15?
15
Let d = -35 + 61. Let h be 2/(1410/(-130) + 11). What is the greatest common divisor of d and h?
13
Let c be -4 + 43 - (-12)/(-3). Suppose -q - 2 = 2*d, -2*d = -2*q - 0*d - 16. Let i = q + 13. Calculate the greatest common factor of i and c.
7
Let c = 114 + -222. Let g = c - -173. Suppose 0*u + g = 5*u + 2*v, -5*v = -3*u + 70. What is the highest common factor of 6 and u?
3
Let x(q) = -q + 15. Let b be x(-15). Let j = -5 - -17. Calculate the greatest common divisor of b and j.
6
Let z(a) = 2*a**3 + 3*a**2 - 5*a + 19. Let q be z(3). What is the greatest common divisor of 17 and q?
17
Suppose 8*u = -2*w + 6*u + 1754, 0 = -2*w - 3*u + 1756. What is the highest common divisor of w and 35?
35
Let g(q) = 2*q**3 + 12*q**2 - 2*q - 8. Let k(u) = -u**3 - 11*u**2 - 10*u - 6. Let r be k(-10). Let h be g(r). What is the highest common divisor of 36 and h?
4
Suppose -5*g + 115 = -5. Let v = -9 + g. Let j be ((-5)/v)/(3/(-153)). What is the highest common divisor of j and 17?
17
Let z = -3 - -6. Suppose z*i - 2*b - 3 = -6, -2*i + 4*b = 10. Let o(g) = -5*g**2 - 27*g + 29. Let r be o(-6